{"id":258,"date":"2024-01-22T03:06:03","date_gmt":"2024-01-22T03:06:03","guid":{"rendered":"https:\/\/tioluchas.com\/?page_id=258"},"modified":"2024-01-22T03:08:51","modified_gmt":"2024-01-22T03:08:51","slug":"aviso-legal","status":"publish","type":"page","link":"https:\/\/tioluchas.com\/index.php\/aviso-legal\/","title":{"rendered":"AVISO LEGAL"},"content":{"rendered":"\n<div class=\"wp-block-columns is-layout-flex wp-container-core-columns-layout-2 wp-block-columns-is-layout-flex\">\n<div class=\"wp-block-column is-layout-flow wp-block-column-is-layout-flow\">\n<div class=\"wp-block-columns is-layout-flex wp-container-core-columns-layout-1 wp-block-columns-is-layout-flex\">\n<div class=\"wp-block-column is-layout-flow wp-block-column-is-layout-flow\">\n<h2 class=\"wp-block-heading has-medium-font-size\"><strong>TIOLUCHAS.COM es un proveedor de servicios de Internet que ofrece una plataforma que solo muestra enlaces a contenidos audiovisuales ubicados en servidores de terceros y prove\u00eddos y \/ o transmitidos por terceros. Nadie puede responsabilizar a TIOLUCHAS.COM de alojar contenido con copyright ya que nosotros no alojamos ning\u00fan contenido con derechos de autor ni tampoco transmitimos ning\u00fan contenido audiovisual. Por favor: Averig\u00fce bien en que sitio web est\u00e1n realmente alojados sus archivos, o contenido audiovisual; antes de culpar a TIOLUCHAS.COM de infligir derechos de autor.<\/strong><\/h2>\n\n\n\n<h2 class=\"wp-block-heading has-medium-font-size\"><strong>Los enlaces que figuran en esta web han sido encontrados en diferentes webs de streaming online (ustream.tv , justin.tv, yukons.net, mips.tv, dinozap.tv, castalba.tv sawlive.tv, entre otros\u2026) y desconocemos si los mismos tienen contratos de cesi\u00f3n de derechos sobre estos partidos o eventos de pago para reproducirlos, alojarlos o permitir verlos. Todas las marcas aqu\u00ed mencionadas y logos est\u00e1n registrados por sus leg\u00edtimos propietarios y solamente se emplean en referencia a las mismas y con un fin de cita o comentario, de acuerdo con el articulo 32 LPI.<\/strong><\/h2>\n\n\n\n<h2 class=\"wp-block-heading has-medium-font-size\"><strong>No nos hacemos responsables del uso indebido que puedes hacer del contenido de nuestra p\u00e1gina. Todo el contenido ha sido exclusivamente sacado de sitios p\u00fablicos de Internet, por lo que este material es considerado de libre distribuci\u00f3n. En ning\u00fan art\u00edculo legal se menciona la prohibici\u00f3n de material libre por lo que esta p\u00e1gina no infringe en ning\u00fan caso la ley. Si alguien tiene alguna duda o problema al respecto, no dude en ponerse en contacto con nosotros.<\/strong><\/h2>\n\n\n\n<h2 class=\"wp-block-heading has-medium-font-size\"><strong>\u2013 En ning\u00fan caso o circunstancia se podr\u00e1 responsabilizar directamente o indirectamente al propietario ni a los colaboradores de TIOLUCHAS.COM del il\u00edcito uso de la informaci\u00f3n contenida en TIOLUCHAS.COM. As\u00ed mismo tampoco se nos podr\u00e1 responsabilizar directamente o indirectamente de incorrecto uso o mala interpretaci\u00f3n que se haga de la informaci\u00f3n y servicios incluidos. Igualmente quedara fuera de nuestra responsabilidad el material al que usted pueda acceder desde nuestros enlaces.<\/strong><\/h2>\n<\/div>\n<\/div>\n<\/div>\n<\/div>\n\n\n<div class=\"wp-block-image\">\n<figure class=\"aligncenter size-full is-resized\"><img loading=\"lazy\" decoding=\"async\" width=\"200\" height=\"200\" src=\"https:\/\/tioluchas.com\/wp-content\/uploads\/2024\/01\/cropped-logo512.png\" alt=\"\" class=\"wp-image-34\" style=\"width:156px;height:auto\" srcset=\"https:\/\/tioluchas.com\/wp-content\/uploads\/2024\/01\/cropped-logo512.png 200w, https:\/\/tioluchas.com\/wp-content\/uploads\/2024\/01\/cropped-logo512-150x150.png 150w\" sizes=\"(max-width: 200px) 100vw, 200px\" \/><\/figure><\/div>\n\n\n<div style=\"height:87px\" aria-hidden=\"true\" class=\"wp-block-spacer\"><\/div>\n","protected":false},"excerpt":{"rendered":"<p>TIOLUCHAS.COM es un proveedor de servicios de Internet que ofrece una plataforma que solo muestra enlaces a contenidos audiovisuales ubicados en servidores de terceros y prove\u00eddos y \/ o transmitidos por terceros. Nadie puede responsabilizar a TIOLUCHAS.COM de alojar contenido con copyright ya que nosotros no alojamos ning\u00fan contenido con derechos de autor ni tampoco&hellip;&nbsp;<a href=\"https:\/\/tioluchas.com\/index.php\/aviso-legal\/\" class=\"\" rel=\"bookmark\">Leer m\u00e1s &raquo;<span class=\"screen-reader-text\">AVISO LEGAL<\/span><\/a><\/p>\n","protected":false},"author":1,"featured_media":0,"parent":0,"menu_order":0,"comment_status":"closed","ping_status":"closed","template":"","meta":{"neve_meta_sidebar":"","neve_meta_container":"","neve_meta_enable_content_width":"","neve_meta_content_width":0,"neve_meta_title_alignment":"","neve_meta_author_avatar":"","neve_post_elements_order":"","neve_meta_disable_header":"","neve_meta_disable_footer":"","neve_meta_disable_title":"","footnotes":""},"_links":{"self":[{"href":"https:\/\/tioluchas.com\/index.php\/wp-json\/wp\/v2\/pages\/258"}],"collection":[{"href":"https:\/\/tioluchas.com\/index.php\/wp-json\/wp\/v2\/pages"}],"about":[{"href":"https:\/\/tioluchas.com\/index.php\/wp-json\/wp\/v2\/types\/page"}],"author":[{"embeddable":true,"href":"https:\/\/tioluchas.com\/index.php\/wp-json\/wp\/v2\/users\/1"}],"replies":[{"embeddable":true,"href":"https:\/\/tioluchas.com\/index.php\/wp-json\/wp\/v2\/comments?post=258"}],"version-history":[{"count":2,"href":"https:\/\/tioluchas.com\/index.php\/wp-json\/wp\/v2\/pages\/258\/revisions"}],"predecessor-version":[{"id":263,"href":"https:\/\/tioluchas.com\/index.php\/wp-json\/wp\/v2\/pages\/258\/revisions\/263"}],"wp:attachment":[{"href":"https:\/\/tioluchas.com\/index.php\/wp-json\/wp\/v2\/media?parent=258"}],"curies":[{"name":"wp","href":"https:\/\/api.w.org\/{rel}","templated":true}]}}